base 5) to base 8.
-202
-215 (base 7) to base 6
-302
11 (base 3) to base 11
4
What is -6 (base 13) in base 7?
-6
3 (base 5) to base 13
3
Convert -2 (base 10) to base 2.
-10
What is -b (base 13) in base 2?
-1011
-8 (base 16) to base 10
-8
What is 40 (base 15) in base 10?
60
What is -1001100 (base 2) in base 10?
-76
-3 (base 13) to base 11
-3
Convert 84 (base 10) to base 7.
150
-1332 (base 4) to base 13
-99
Convert -6 (base 10) to base 7.
-6
-1 (base 13) to base 7
-1
-360 (base 7) to base 8
-275
What is 354 (base 7) in base 10?
186
171 (base 13) to base 11
218
1100 (base 2) to base 9
13
What is -2 (base 10) in base 9?
-2
Convert -12 (base 4) to base 5.
-11
-1300 (base 5) to base 2
-11001000
What is -12 (base 8) in base 13?
-a
4 (base 7) to base 15
4
Convert 2 (base 12) to base 13.
2
What is -2 (base 3) in base 11?
-2
5 (base 14) to base 15
5
33 (base 11) to base 2
100100
-12 (base 5) to base 9
-7
-4 (base 9) to base 8
-4
Convert 21 (base 4) to base 9.
10
-5 (base 7) to base 4
-11
Convert -1143 (base 6) to base 11.
-234
0 (base 12) to base 15
0
Convert -20 (base 6) to base 10.
-12
Convert -5 (base 8) to base 12.
-5
Convert 25 (base 8) to base 15.
16
-41 (base 7) to base 8
-35
Convert 142 (base 9) to base 5.
434
What is -19 (base 13) in base 2?
-10110
0 (base 16) to base 4
0
b (base 15) to base 9
12
Convert 1 (base 14) to base 8.
1
-62 (base 15) to base 2
-1011100
Convert 76 (base 14) to base 6.
252
3 (base 5) to base 11
3
Convert -10 (base 10) to base 15.
-a
-4 (base 13) to base 5
-4
-4 (base 6) to base 8
-4
Convert -21 (base 4) to base 16.
-9
-8 (base 11) to base 14
-8
-1 (base 16) to base 4
-1
-30 (base 10) to base 15
-20
What is 88 (base 15) in base 12?
a8
-5 (base 10) to base 4
-11
-42 (base 13) to base 4
-312
What is 7 (base 16) in base 5?
12
What is -27 (base 15) in base 16?
-25
Convert 1010 (base 2) to base 5.
20
-21 (base 5) to base 3
-102
9 (base 15) to base 7
12
What is 95 (base 14) in base 3?
11212
13 (base 9) to base 16
c
0 (base 14) to base 6
0
Convert 121 (base 3) to base 16.
10
Convert 1 (base 4) to base 10.
1
Convert -322 (base 7) to base 6.
-431
Convert -2 (base 11) to base 16.
-2
Convert -17 (base 16) to base 11.
-21
-435 (base 7) to base 15
-ec
What is -7 (base 10) in base 4?
-13
Convert -a (base 13) to base 14.
-a
What is -2 (base 12) in base 14?
-2
What is -c0 (base 13) in base 6?
-420
1 (base 5) to base 7
1
Convert -56 (base 11) to base 8.
-75
What is 4 (base 12) in base 2?
100
Convert -99 (base 15) to base 7.
-264
Convert 3 (base 14) to base 10.
3
1001 (base 2) to base 5
14
-20 (base 5) to base 6
-14
Convert -10010110 (base 2) to base 8.
-226
-25 (base 12) to base 8
-35
10 (base 8) to base 9
8
What is -4 (base 12) in base 4?
-10
-3a (base 14) to base 13
-40
10 (base 2) to base 4
2
What is 0 (base 2) in base 16?
0
12 (base 15) to base 12
15
What is 0 (base 14) in base 2?
0
Convert 110 (base 2) to base 12.
6
c (base 13) to base 12
10
114 (base 6) to base 3
1201
Convert -2211 (base 5) to base 7.
-615
What is -277 (base 11) in base 7?
-644
What is -10001 (base 2) in base 15?
-12
Convert -1 (base 13) to base 7.
-1
What is 7 (base 9) in base 14?
7
What is -6 (base 7) in base 8?
-6
What is 14 (base 13) in base 16?
11
4 (base 13) to base 6
4
Convert 34 (base 13) to base 12.
37
-35 (base 16) to base 3
-1222
Convert -6 (base 10) to base 12.
-6
Convert 21 (base 3) to base 6.
11
What is 6 (base 16) in base 12?
6
What is -8 (base 14) in base 8?
-10
-5 (base 13) to base 4
-11
19 (base 12) to base 8
25
Convert -4c (base 13) to base 4.
-1000
25 (base 8) to base 13
18
What is 26 (base 7) in base 11?
19
2 (base 10) to base 7
2
What is -10 (base 14) in base 13?
-11
What is -201 (base 5) in base 15?
-36
-4 (base 9) to base 11
-4
-10 (base 4) to base 2
-100
What is 0 (base 15) in base 10?
0
400 (base 9) to base 12
230
Convert 68 (base 9) to base 10.
62
2 (base 4) to base 2
10
67 (base 14) to base 9
111
Convert d (base 16) to base 10.
13
Convert 7 (base 12) to base 13.
7
-27 (base 15) to base 8
-45
Convert 12 (base 5) to base 6.
11
-96 (base 15) to base 6
-353
What is 83 (base 13) in base 11?
98
4 (base 8) to base 16
4
What is 353 (base 10) in base 11?
2a1
Convert 14 (base 6) to base 10.
10
Convert 3 (base 5) to base 14.
3
What is 7 (base 12) in base 5?
12
Convert -7 (base 9) to base 12.
-7
Convert 47 (base 10) to base 3.
1202
-63 (base 7) to base 11
-41
2 (base 8) to base 3
2
-4 (base 14) to base 6
-4
Convert -2102 (base 3) to base 9.
-72
What is 0 (base 9) in base 6?
0
-3 (base 13) to base 6
-3
3 (base 13) to base 4
3
23 (base 5) to base 16
d
What is 13 (base 7) in base 9?
11
Convert -5 (base 15) to base 4.
-11
Convert -3 (base 14) to base 6.
-3
-3 (base 8) to base 3
-10
Convert -186 (base 15) to base 9.
-430
10110 (base 2) to base 5
42
-64 (base 10) to base 5
-224
What is 10 (base 10) in base 4?
22
Convert 323 (base 7) to base 12.
118
Convert -1010001 (base 2) to base 6.
-213
0 (base 5) to base 16
0
Convert 10 (base 4) to base 9.
4
What is 20 (base 5) in base 7?
13
Convert 10 (base 3) to base 2.
11
What is 2 (base 9) in base 5?
2
Convert 2 (base 10) to base 8.
2
Convert 2 (base 3) to base 11.
2
What is 4 (base 9) in base 6?
4
Convert 8 (base 13) to base 14.
8
Convert 65 (base 14) to base 10.
89
What is 1010 (base 2) in base 13?
a
What is 105 (base 7) in base 4?
312
What is -27 (base 14) in base 9?
-38
-13 (base 7) to base 10
-10
-2 (base 3) to base 4
-2
-2 (base 11) to base 9
-2
What is 2 (base 11) in base 13?
2
Convert 1 (base 5) to base 4.
1
What is 0 (base 3) in base 8?
0
-150 (base 13) to base 10
-234
What is -1013 (base 4) in base 12?
-5b
Convert 142 (base 8) to base 7.
200
a (base 15) to base 2
1010
What is -1204 (base 5) in base 2?
-10110011
33 (base 6) to base 14
17
151 (base 6) to base 16
43
What is -4 (base 16) in base 15?
-4
Convert -100 (base 2) to base 10.
-4
What is 1 (base 5) in base 4?
1
Convert 443 (base 5) to base 6.
323
What is 10 (base 5) in base 15?
5
2 (base 8) to base 13
2
Convert 217 (base 9) to base 6.
454
Convert -1000 (base 2) to base 9.
-8
Convert 3 (base 15) to base 16.
3
-5 (base 10) to base 14
-5
-26 (base 7) to base 11
-19
What is -131 (base 4) in base 15?
-1e
What is 53 (base 11) in base 14?
42
What is 2 (base 7) in base 5?
2
Convert 1 (base 7) to base 3.
1
What is -1 (base 13) in base 5?
-1
Convert 111 (base 7) to base 14.
41
What is 0 (base 7) in base 2?
0
Convert -101 (base 5) to base 3.
-222
Convert -1005 (base 7) to base 4.
-11130
Convert -324 (base 9) to base 10.
-265
Convert -20 (base 16) to base 7.
-44
What is -21 (base 3) in base 7?
-10
-8 (base 9) to base 12
-8
-2 (base 11) to base 3
-2
Convert -76 (base 8) to base 16.
-3e
7 (base 9) to base 10
7
-34 (base 13) to base 9
-47
What is -18 (base 10) in base 13?
-15
What is 5 (base 8) in base 6?
5
Convert 100 (base 3) to base 9.
10
Convert -1 (base 15) to base 16.
-1
What is 12 (base 15) in base 11?
16
-10111 (base 2) to base 7
-32
What is 58 (base 11) in base 6?
143
Convert 10010 (base 3) to base 2.
1010100
Convert -5 (base 14) to base 6.
-5
526 (base 7) to base 16
109
What is 3 (base 10) in base 3?
10
What is 1 (base 16) in base 11?
1
What is 6 (base 7) in base 8?
6
What is 3233 (base 4) in base 16?
ef
Convert 300 (base 4) to base 11.
44
What is -5 (base 11) in base 13?
-5
51 (base 9) to base 10
46
4 (base 15) to base 4
10
Convert -8 (base 9) to base 11.
-8
Convert 1 (base 5) to base 3.
1
What is 3 (base 5) in base 3?
10
What is 44 (base 6) in base 16?
1c
Convert -27 (base 14) to base 4.
-203
Convert 44 (base 9) to base 4.
220
Convert 16 (base 8) to base 6.
22
What is 9 (base 12) in base 10?
9
Convert 342 (base 5) to base 9.
117
What is 1 (base 16) in base 15?
1
-2 (base 8) to base 5
-2
Convert 220 (base 13) to base 6.
1404
Convert -3 (base 7) to base 2.
-11
42 (base 9) to base 5
123
137 (base 13) to base 4
3113
What is -111 (base 2) in base 4?
-13
11 (base 6) to base 7
10
-1010001 (base 2) to base 16
-51
9 (base 14) to base 2
1001
Convert -3 (base 6) to base 8.
-3
-4a (base 13) to base 9
-68
Convert -20 (base 16) to base 7.
-44
Convert -a9 (base 13) to base 2.
-10001011
Convert -23 (base 12) to base 13.
-21
Convert 30 (base 6) to base 8.
22
11 (base 5) to base 4
12
Convert -1f (base 16) to base 14.
-23
315 (base 7) to base 16
9f
Convert -29 (base 